{"id":264,"date":"2011-12-17T12:12:18","date_gmt":"2011-12-17T12:12:18","guid":{"rendered":"http:\/\/fousfollets.com\/?page_id=264"},"modified":"2022-06-26T19:42:10","modified_gmt":"2022-06-26T19:42:10","slug":"spectacle-trois-ptits-tours-dans-mon-jardin","status":"publish","type":"page","link":"https:\/\/fousfollets.com\/?page_id=264","title":{"rendered":"Trois p&rsquo;tits tours dans mon jardin"},"content":{"rendered":"<p><a href=\"http:\/\/fousfollets.com\/wp-content\/uploads\/2011\/12\/visuel-3-ptits-tours.jpg\"><img decoding=\"async\" loading=\"lazy\" class=\"alignnone size-thumbnail wp-image-260\" title=\"visuel 3 p'tits tours\" src=\"http:\/\/fousfollets.com\/wp-content\/uploads\/2011\/12\/visuel-3-ptits-tours-150x150.jpg\" alt=\"\" width=\"150\" height=\"150\" \/><\/a><\/p>\n<p>Trois p&rsquo; tits tours dans mon jardin <strong>&#8230;<\/strong><\/p>\n<h5 style=\"text-align: left;\" align=\"center\"><strong><em>\u00a0\u00a0\u00a0\u00a0\u00a0\u00a0\u00a0\u00a0\u00a0\u00a0\u00a0\u00a0\u00a0\u00a0\u00a0\u00a0\u00a0\u00a0\u00a0\u00a0\u00a0\u00a0\u00a0\u00a0\u00a0\u00a0\u00a0\u00a0\u00a0\u00a0\u00a0\u00a0\u00a0\u00a0\u00a0\u00a0\u00a0\u00a0\u00a0\u00a0\u00a0\u00a0\u00a0\u00a0\u00a0\u00a0\u00a0\u00a0\u00a0\u00a0\u00a0\u00a0\u00a0\u00a0\u00a0\u00a0\u00a0\u00a0\u00a0\u00a0\u00a0\u00a0\u00a0\u00a0\u00a0\u00a0\u00a0\u00a0\u00a0\u00a0\u00a0\u00a0\u00a0\u00a0\u00a0\u00a0\u00a0\u00a0\u00a0\u00a0\u00a0\u00a0\u00a0\u00a0\u00a0\u00a0\u00a0\u00a0\u00a0\u00a0\u00a0\u00a0\u00a0\u00a0\u00a0\u00a0\u00a0\u00a0 \u00a0Com\u00e9die chanson pour tous les petits \u00a0 \u00a0 \u00a0 \u00a0 \u00a0 \u00a0 \u00a0 \u00a0 \u00a0 \u00a0 \u00a0 \u00a0 \u00a0 \u00a0 \u00a0 \u00a0 \u00a0 \u00a0 \u00a0 \u00a0 \u00a0 \u00a0 \u00a0 \u00a0 \u00a0 \u00a0 \u00a0 \u00a0 \u00a0 \u00a0 \u00a0 \u00a0 \u00a0 \u00a0 \u00a0 \u00a0\u00a0<\/em><\/strong><\/h5>\n<h3 style=\"text-align: left;\" align=\"center\"><strong><em><a href=\"http:\/\/fousfollets.com\/wp-content\/uploads\/2011\/12\/dans-mon-jardin-site-jpeg5.jpg\"><img decoding=\"async\" loading=\"lazy\" class=\"alignright size-medium wp-image-867\" title=\"dans mon jardin site jpeg\" src=\"http:\/\/fousfollets.com\/wp-content\/uploads\/2011\/12\/dans-mon-jardin-site-jpeg5-300x261.jpg\" alt=\"\" width=\"300\" height=\"261\" srcset=\"https:\/\/fousfollets.com\/wp-content\/uploads\/2011\/12\/dans-mon-jardin-site-jpeg5-300x261.jpg 300w, https:\/\/fousfollets.com\/wp-content\/uploads\/2011\/12\/dans-mon-jardin-site-jpeg5-1024x892.jpg 1024w, https:\/\/fousfollets.com\/wp-content\/uploads\/2011\/12\/dans-mon-jardin-site-jpeg5.jpg 1536w\" sizes=\"(max-width: 300px) 100vw, 300px\" \/><\/a><\/em><\/strong><\/h3>\n<p><strong><em>Roger <\/em><\/strong><em>est jardinier.<br \/>\n<\/em><em><strong>D<\/strong>ans son jardin, c&rsquo;est le paradis.<br \/>\n<\/em><strong><em>Pam\u00e9la<\/em><\/strong><em>, la petite salade,<br \/>\n<\/em><strong><em>L<\/em><\/strong><em>&lsquo; a vite compris !<br \/>\n<\/em><strong><em>S<\/em><\/strong><em>avez-vous planter les choux, \u00a0 \u00a0 \u00a0 \u00a0 \u00a0 \u00a0 \u00a0 \u00a0 \u00a0 \u00a0 \u00a0 <\/em><strong><em>D<\/em><\/strong><em>anser la capucine<br \/>\n<\/em><strong><em>A<\/em><\/strong><em>u bras de <strong>Mister Poireau <\/strong>?<br \/>\n<\/em><strong><em>A<\/em><\/strong><em>lors, venez avec nous, on jardine<br \/>\n<\/em><strong><em>E<\/em><\/strong><em>t on cuisine,<br \/>\n<\/em><strong><em>L<\/em><\/strong><em>a musique et puis les mots.<br \/>\n<\/em><strong><em>C<\/em><\/strong><em>&lsquo; est la f\u00eate pour tout le monde :<br \/>\n<\/em><em><strong>D<\/strong>ames fleurs, fraises et tomates,<br \/>\n<\/em><em>et <strong>Charlilo<\/strong> l &lsquo;escargot.<br \/>\n<\/em><strong><em>R<\/em><\/strong><em>ejoignez-nous dans la ronde &#8230;<br \/>\n<\/em><strong><em>C<\/em><\/strong><em>&lsquo; est la valse des patates &#8230;<br \/>\n<\/em><strong><em>T<\/em><\/strong><em>rois p&rsquo; tits tours &#8230; et puis ciao !&#8230;<\/em><\/p>\n<p>&nbsp;<\/p>\n<p><strong><em>Trois p&rsquo;tits tours dans mon jardin&#8230;<\/em><\/strong><em>\u00a0\u00a0<\/em><em>est un spectacle musical sp\u00e9cifiquement con\u00e7u pour les tr\u00e8s jeunes.\u00a0<\/em><\/p>\n<p><em>Il allie le jeu des deux personnages \u00ab\u00a0vivants\u00a0\u00bb avec celui des marionnettes et de divers instruments de musique. Plusieurs styles musicaux sont \u00e9voqu\u00e9s : <\/em><\/p>\n<p><strong><em>classique, tango, valse, biguine, bossa, folk &#8230;<\/em><\/strong><\/p>\n<p><em>M\u00e9lange de chansons originales de la compagnie des Fous Follets et de comptines traditionnelles imm\u00e9diatement identifiables par les petits, il raconte le petit\u00a0 monde du jardin avec des mots simples. Po\u00e9sie, fantaisie et gourmandise sont au rendez-vous.\u00a0<\/em><\/p>\n<p>&nbsp;<\/p>\n<p><a href=\"http:\/\/fousfollets.com\/wp-content\/uploads\/2011\/12\/pat-et-poireau-jpeg-site-2.jpg\"><img decoding=\"async\" loading=\"lazy\" class=\"alignnone size-medium wp-image-980\" title=\"pat et poireau jpeg site 2\" src=\"http:\/\/fousfollets.com\/wp-content\/uploads\/2011\/12\/pat-et-poireau-jpeg-site-2-256x300.jpg\" alt=\"\" width=\"256\" height=\"300\" srcset=\"https:\/\/fousfollets.com\/wp-content\/uploads\/2011\/12\/pat-et-poireau-jpeg-site-2-256x300.jpg 256w, https:\/\/fousfollets.com\/wp-content\/uploads\/2011\/12\/pat-et-poireau-jpeg-site-2-875x1024.jpg 875w, https:\/\/fousfollets.com\/wp-content\/uploads\/2011\/12\/pat-et-poireau-jpeg-site-2.jpg 954w\" sizes=\"(max-width: 256px) 100vw, 256px\" \/><\/a>\u00a0\u00a0\u00a0\u00a0<a href=\"http:\/\/fousfollets.com\/wp-content\/uploads\/2011\/12\/dame-lune-et-dame-pluie-site-jpeg1.jpg\"><img decoding=\"async\" loading=\"lazy\" class=\"alignnone size-medium wp-image-960\" title=\"dame lune et dame pluie site jpeg\" src=\"http:\/\/fousfollets.com\/wp-content\/uploads\/2011\/12\/dame-lune-et-dame-pluie-site-jpeg1-230x300.jpg\" alt=\"\" width=\"230\" height=\"300\" srcset=\"https:\/\/fousfollets.com\/wp-content\/uploads\/2011\/12\/dame-lune-et-dame-pluie-site-jpeg1-230x300.jpg 230w, https:\/\/fousfollets.com\/wp-content\/uploads\/2011\/12\/dame-lune-et-dame-pluie-site-jpeg1.jpg 780w\" sizes=\"(max-width: 230px) 100vw, 230px\" \/><\/a><\/p>\n<p><a href=\"http:\/\/fousfollets.com\/wp-content\/uploads\/2011\/12\/jm-arrose-pat-ok-jpeg-site-1.jpg\"><img decoding=\"async\" loading=\"lazy\" class=\"alignnone size-medium wp-image-985\" title=\"jm arrose pat ok jpeg site 1\" src=\"http:\/\/fousfollets.com\/wp-content\/uploads\/2011\/12\/jm-arrose-pat-ok-jpeg-site-1-228x300.jpg\" alt=\"\" width=\"228\" height=\"300\" srcset=\"https:\/\/fousfollets.com\/wp-content\/uploads\/2011\/12\/jm-arrose-pat-ok-jpeg-site-1-228x300.jpg 228w, https:\/\/fousfollets.com\/wp-content\/uploads\/2011\/12\/jm-arrose-pat-ok-jpeg-site-1-779x1024.jpg 779w, https:\/\/fousfollets.com\/wp-content\/uploads\/2011\/12\/jm-arrose-pat-ok-jpeg-site-1.jpg 1173w\" sizes=\"(max-width: 228px) 100vw, 228px\" \/><\/a> \u00a0\u00a0\u00a0<a href=\"http:\/\/fousfollets.com\/wp-content\/uploads\/2011\/12\/crapaud-joli-site-jpeg1.jpg\"><img decoding=\"async\" loading=\"lazy\" title=\"crapaud joli site jpeg\" src=\"http:\/\/fousfollets.com\/wp-content\/uploads\/2011\/12\/crapaud-joli-site-jpeg1-300x222.jpg\" alt=\"\" width=\"300\" height=\"222\" \/><\/a><\/p>\n<p><a href=\"http:\/\/fousfollets.com\/wp-content\/uploads\/2011\/12\/un-ptit-lapin-2-site-jpeg.jpg\"><img decoding=\"async\" loading=\"lazy\" class=\"alignnone size-medium wp-image-981\" title=\"un p'tit lapin 2 site jpeg\" src=\"http:\/\/fousfollets.com\/wp-content\/uploads\/2011\/12\/un-ptit-lapin-2-site-jpeg-171x300.jpg\" alt=\"\" width=\"171\" height=\"300\" srcset=\"https:\/\/fousfollets.com\/wp-content\/uploads\/2011\/12\/un-ptit-lapin-2-site-jpeg-171x300.jpg 171w, https:\/\/fousfollets.com\/wp-content\/uploads\/2011\/12\/un-ptit-lapin-2-site-jpeg-586x1024.jpg 586w, https:\/\/fousfollets.com\/wp-content\/uploads\/2011\/12\/un-ptit-lapin-2-site-jpeg.jpg 597w\" sizes=\"(max-width: 171px) 100vw, 171px\" \/><\/a>\u00a0 \u00a0<a href=\"http:\/\/fousfollets.com\/wp-content\/uploads\/2011\/12\/jm-cuisinier-1-site-jpeg.jpg\"><img decoding=\"async\" loading=\"lazy\" class=\"alignnone size-medium wp-image-941\" title=\"jm cuisinier 1 site jpeg\" src=\"http:\/\/fousfollets.com\/wp-content\/uploads\/2011\/12\/jm-cuisinier-1-site-jpeg-196x300.jpg\" alt=\"\" width=\"196\" height=\"300\" srcset=\"https:\/\/fousfollets.com\/wp-content\/uploads\/2011\/12\/jm-cuisinier-1-site-jpeg-196x300.jpg 196w, https:\/\/fousfollets.com\/wp-content\/uploads\/2011\/12\/jm-cuisinier-1-site-jpeg.jpg 504w\" sizes=\"(max-width: 196px) 100vw, 196px\" \/><\/a><\/p>\n<p><a href=\"http:\/\/fousfollets.com\/wp-content\/uploads\/2011\/12\/pam\u00e9la-site-1-jpeg.jpg\"><img decoding=\"async\" loading=\"lazy\" class=\"alignnone size-medium wp-image-982\" title=\"pam\u00e9la site 1 jpeg\" src=\"http:\/\/fousfollets.com\/wp-content\/uploads\/2011\/12\/pam\u00e9la-site-1-jpeg-276x300.jpg\" alt=\"\" width=\"276\" height=\"300\" srcset=\"https:\/\/fousfollets.com\/wp-content\/uploads\/2011\/12\/pam\u00e9la-site-1-jpeg-276x300.jpg 276w, https:\/\/fousfollets.com\/wp-content\/uploads\/2011\/12\/pam\u00e9la-site-1-jpeg-942x1024.jpg 942w, https:\/\/fousfollets.com\/wp-content\/uploads\/2011\/12\/pam\u00e9la-site-1-jpeg.jpg 1028w\" sizes=\"(max-width: 276px) 100vw, 276px\" \/><\/a>\u00a0 \u00a0<a href=\"http:\/\/fousfollets.com\/wp-content\/uploads\/2011\/12\/si-on-dansait-site-jpeg-2.jpg\"><img decoding=\"async\" loading=\"lazy\" class=\"alignnone size-medium wp-image-983\" title=\"si on dansait site jpeg 2\" src=\"http:\/\/fousfollets.com\/wp-content\/uploads\/2011\/12\/si-on-dansait-site-jpeg-2-300x278.jpg\" alt=\"\" width=\"300\" height=\"278\" srcset=\"https:\/\/fousfollets.com\/wp-content\/uploads\/2011\/12\/si-on-dansait-site-jpeg-2-300x278.jpg 300w, https:\/\/fousfollets.com\/wp-content\/uploads\/2011\/12\/si-on-dansait-site-jpeg-2-1024x950.jpg 1024w, https:\/\/fousfollets.com\/wp-content\/uploads\/2011\/12\/si-on-dansait-site-jpeg-2.jpg 1112w\" sizes=\"(max-width: 300px) 100vw, 300px\" \/><\/a><span style=\"color: #0000ff;\"><br \/>\n<\/span><\/p>\n<h2><strong><span style=\"color: #0000ff;\">\u00a0Contacts :<\/span><\/strong><\/h2>\n<h3><img decoding=\"async\" loading=\"lazy\" class=\"\" title=\"P1130893[1]\" src=\"http:\/\/fousfollets.com\/wp-content\/uploads\/2011\/12\/P113089319-150x150.jpg\" alt=\"\" width=\"170\" height=\"170\" \/><\/h3>\n<h3><strong>J.M Brac<\/strong>: 06.08.09.74.93<br \/>\n<strong>P. Steinhoff<\/strong>\u00a0: 06.70.25.71.81<br \/>\n<strong><span style=\"color: #0000ff;\">ciefousfollets@gmail.com<\/span><\/strong><\/h3>\n<p>&nbsp;<\/p>\n<p><a href=\"http:\/\/fousfollets.com\/wp-content\/uploads\/2011\/12\/Papier-fourmi-bleue-2018-CFF-t\u00eate-mail-1.jpg\"><img decoding=\"async\" loading=\"lazy\" class=\"alignnone size-large wp-image-1254\" src=\"http:\/\/fousfollets.com\/wp-content\/uploads\/2011\/12\/Papier-fourmi-bleue-2018-CFF-t\u00eate-mail-1-1024x330.jpg\" alt=\"Papier fourmi bleue 2018 CFF t\u00eate mail (1)\" width=\"640\" height=\"206\" srcset=\"https:\/\/fousfollets.com\/wp-content\/uploads\/2011\/12\/Papier-fourmi-bleue-2018-CFF-t\u00eate-mail-1-1024x330.jpg 1024w, https:\/\/fousfollets.com\/wp-content\/uploads\/2011\/12\/Papier-fourmi-bleue-2018-CFF-t\u00eate-mail-1-300x97.jpg 300w\" sizes=\"(max-width: 640px) 100vw, 640px\" \/><\/a><\/p>\n<p>&nbsp;<\/p>\n<p>&nbsp;<\/p>\n","protected":false},"excerpt":{"rendered":"<p>Trois p&rsquo; tits tours dans mon jardin &#8230; \u00a0\u00a0\u00a0\u00a0\u00a0\u00a0\u00a0\u00a0\u00a0\u00a0\u00a0\u00a0\u00a0\u00a0\u00a0\u00a0\u00a0\u00a0\u00a0\u00a0\u00a0\u00a0\u00a0\u00a0\u00a0\u00a0\u00a0\u00a0\u00a0\u00a0\u00a0\u00a0\u00a0\u00a0\u00a0\u00a0\u00a0\u00a0\u00a0\u00a0\u00a0\u00a0\u00a0\u00a0\u00a0\u00a0\u00a0\u00a0\u00a0\u00a0\u00a0\u00a0\u00a0\u00a0\u00a0\u00a0\u00a0\u00a0\u00a0\u00a0\u00a0\u00a0\u00a0\u00a0\u00a0\u00a0\u00a0\u00a0\u00a0\u00a0\u00a0\u00a0\u00a0\u00a0\u00a0\u00a0\u00a0\u00a0\u00a0\u00a0\u00a0\u00a0\u00a0\u00a0\u00a0\u00a0\u00a0\u00a0\u00a0\u00a0\u00a0\u00a0\u00a0\u00a0\u00a0\u00a0\u00a0\u00a0 \u00a0Com\u00e9die chanson pour tous les petits \u00a0 \u00a0 \u00a0 \u00a0 \u00a0 \u00a0 \u00a0 \u00a0 \u00a0 \u00a0 \u00a0 \u00a0 \u00a0 \u00a0 \u00a0 \u00a0 \u00a0 \u00a0 \u00a0 \u00a0 \u00a0 \u00a0 \u00a0 \u00a0 \u00a0 &hellip; <a href=\"https:\/\/fousfollets.com\/?page_id=264\">Continuer la lecture <span class=\"meta-nav\">&rarr;<\/span><\/a><\/p>\n","protected":false},"author":1,"featured_media":0,"parent":0,"menu_order":0,"comment_status":"closed","ping_status":"closed","template":"","meta":[],"_links":{"self":[{"href":"https:\/\/fousfollets.com\/index.php?rest_route=\/wp\/v2\/pages\/264"}],"collection":[{"href":"https:\/\/fousfollets.com\/index.php?rest_route=\/wp\/v2\/pages"}],"about":[{"href":"https:\/\/fousfollets.com\/index.php?rest_route=\/wp\/v2\/types\/page"}],"author":[{"embeddable":true,"href":"https:\/\/fousfollets.com\/index.php?rest_route=\/wp\/v2\/users\/1"}],"replies":[{"embeddable":true,"href":"https:\/\/fousfollets.com\/index.php?rest_route=%2Fwp%2Fv2%2Fcomments&post=264"}],"version-history":[{"count":41,"href":"https:\/\/fousfollets.com\/index.php?rest_route=\/wp\/v2\/pages\/264\/revisions"}],"predecessor-version":[{"id":1525,"href":"https:\/\/fousfollets.com\/index.php?rest_route=\/wp\/v2\/pages\/264\/revisions\/1525"}],"wp:attachment":[{"href":"https:\/\/fousfollets.com\/index.php?rest_route=%2Fwp%2Fv2%2Fmedia&parent=264"}],"curies":[{"name":"wp","href":"https:\/\/api.w.org\/{rel}","templated":true}]}}