{"id":13,"date":"2011-12-16T15:58:28","date_gmt":"2011-12-16T15:58:28","guid":{"rendered":"http:\/\/fousfollets.com\/?page_id=13"},"modified":"2024-11-05T14:58:31","modified_gmt":"2024-11-05T14:58:31","slug":"discographie","status":"publish","type":"page","link":"https:\/\/fousfollets.com\/?page_id=13","title":{"rendered":"Discographie"},"content":{"rendered":"<h1 style=\"text-align: center;\"><span style=\"color: #ff0000;\"><strong>NOUVEAUT\u00c9 2024<\/strong><br \/>\n<\/span><br \/>\n<a href=\"https:\/\/fousfollets.com\/?page_id=1722\" target=\"_blank\" rel=\"noopener\"><img decoding=\"async\" loading=\"lazy\" class=\"alignnone size-large wp-image-1694\" src=\"http:\/\/fousfollets.com\/wp-content\/uploads\/2024\/10\/Digipack-USB-Rancontras-Fous-Follets-R-1024x683.jpg\" alt=\"\" width=\"640\" height=\"427\" srcset=\"https:\/\/fousfollets.com\/wp-content\/uploads\/2024\/10\/Digipack-USB-Rancontras-Fous-Follets-R-1024x683.jpg 1024w, https:\/\/fousfollets.com\/wp-content\/uploads\/2024\/10\/Digipack-USB-Rancontras-Fous-Follets-R-300x200.jpg 300w, https:\/\/fousfollets.com\/wp-content\/uploads\/2024\/10\/Digipack-USB-Rancontras-Fous-Follets-R-768x512.jpg 768w, https:\/\/fousfollets.com\/wp-content\/uploads\/2024\/10\/Digipack-USB-Rancontras-Fous-Follets-R.jpg 1200w\" sizes=\"(max-width: 640px) 100vw, 640px\" \/><\/a><\/h1>\n<h1 style=\"text-align: center;\"><strong><span style=\"color: #ff0000;\">*<\/span><\/strong><\/h1>\n<h4 style=\"text-align: center;\"><a title=\"CD Dans mon jardin\" href=\"http:\/\/fousfollets.com\/?page_id=30\"><img decoding=\"async\" loading=\"lazy\" class=\"size-medium wp-image-25 aligncenter\" title=\"jaquette dans mon jardin\" src=\"http:\/\/fousfollets.com\/wp-content\/uploads\/2011\/12\/jaquette-dans-mon-jardin-300x289.jpg\" alt=\"\" width=\"300\" height=\"289\" srcset=\"https:\/\/fousfollets.com\/wp-content\/uploads\/2011\/12\/jaquette-dans-mon-jardin-300x289.jpg 300w, https:\/\/fousfollets.com\/wp-content\/uploads\/2011\/12\/jaquette-dans-mon-jardin.jpg 944w\" sizes=\"(max-width: 300px) 100vw, 300px\" \/><\/a><a href=\"http:\/\/fousfollets.com\/?page_id=30\">Extraits en \u00e9coute<\/a><\/h4>\n<h3 style=\"text-align: center;\"><em>Un CD plein d&rsquo;imagination. Des chansons courtes, faciles \u00e0 m\u00e9moriser, aux rythmes diversifi\u00e9s et accessibles aux plus petits.<br \/>\n<\/em><em><strong>&#8211; Feuille du Valenciennois &#8211;<\/strong><\/em><\/h3>\n<p style=\"text-align: center;\"><strong>\u00a0<\/strong><\/p>\n<p style=\"text-align: center;\"><a title=\"CD Dans ma maison\" href=\"http:\/\/fousfollets.com\/?page_id=28\"><img decoding=\"async\" loading=\"lazy\" class=\"alignnone size-medium wp-image-24\" title=\"jaquette dans ma maison\" src=\"http:\/\/fousfollets.com\/wp-content\/uploads\/2011\/12\/jaquette-dans-ma-maison-300x300.jpg\" alt=\"\" width=\"300\" height=\"300\" srcset=\"https:\/\/fousfollets.com\/wp-content\/uploads\/2011\/12\/jaquette-dans-ma-maison-300x300.jpg 300w, https:\/\/fousfollets.com\/wp-content\/uploads\/2011\/12\/jaquette-dans-ma-maison-150x150.jpg 150w, https:\/\/fousfollets.com\/wp-content\/uploads\/2011\/12\/jaquette-dans-ma-maison.jpg 925w\" sizes=\"(max-width: 300px) 100vw, 300px\" \/><\/a><\/p>\n<h4 style=\"text-align: center;\"><a href=\"http:\/\/fousfollets.com\/?page_id=28\">Extraits en \u00e9coute<\/a><\/h4>\n<p style=\"text-align: center;\"><em>\u00ab\u00a0Dans ma maison\u00a0\u00bb, voil\u00e0 un CD qui nous donne \u00e0 entendre et \u00e0 voir entre les lignes, de courtes chansons faciles \u00e0 chanter, pleines de rythmes, d&rsquo;animaux farfelus et de bruitages amusants. (&#8230;) C&rsquo;est tonique et il y en a pour tous les go\u00fbts.<\/em><br \/>\n<em><strong>&#8211; Le monde de l&rsquo;\u00e9ducation &#8211;\u00a0<\/strong><\/em><\/p>\n<p style=\"text-align: center;\"><em>Ce trio chantant vise ici les 3-8 ans. La fantaisie domine dans des couplets accessibles et vari\u00e9s troussant souvent des histoires farfelues (\u00ab\u00a0Les camemberts\u00a0\u00bb) mais aussi plus quotidiennes (\u00ab\u00a0Stop, \u00e7a suffit\u00a0\u00bb). En fait, le regard et l&rsquo;esprit de fantaisie donnent surtout le ton, d&rsquo;un blues \u00e0 une ballade ou \u00e0 un rap (\u00ab\u00a0Le roi des maladroits\u00a0\u00bb), plusieurs musiciens additionnels (saxophone, fl\u00fbte, contrebasse, percussions&#8230;) et quatre enfants apportant un surcro\u00eet de relief \u00e0 l&rsquo;entreprise.<\/em><br \/>\n<em><strong>&#8211; Chorus D. Pantchenko &#8211;\u00a0<\/strong><\/em><\/p>\n<h2><strong><span style=\"color: #0000ff;\">\u00a0Contacts :<\/span><\/strong><\/h2>\n<h3><img decoding=\"async\" loading=\"lazy\" class=\"alignnone  wp-image-915\" src=\"http:\/\/fousfollets.com\/wp-content\/uploads\/2012\/02\/jm-guitare-site-jpeg-953x1024.jpg\" alt=\"jm guitare site jpeg\" width=\"183\" height=\"196\" srcset=\"https:\/\/fousfollets.com\/wp-content\/uploads\/2012\/02\/jm-guitare-site-jpeg-953x1024.jpg 953w, https:\/\/fousfollets.com\/wp-content\/uploads\/2012\/02\/jm-guitare-site-jpeg-279x300.jpg 279w, https:\/\/fousfollets.com\/wp-content\/uploads\/2012\/02\/jm-guitare-site-jpeg.jpg 1325w\" sizes=\"(max-width: 183px) 100vw, 183px\" \/><\/h3>\n<h3><strong>J.M Brac<\/strong>: 06.08.09.74.93<br \/>\n<strong>P. Steinhoff<\/strong>\u00a0: 06.70.25.71.81<br \/>\n<strong><span style=\"color: #0000ff;\">ciefousfollets@gmail.com<\/span><\/strong><\/h3>\n<p><a href=\"http:\/\/fousfollets.com\/wp-content\/uploads\/2024\/07\/Papier-fourmi-bleue-2024-CFF-tete-mail-scaled.jpg\" target=\"_blank\" rel=\"noopener\"><img decoding=\"async\" loading=\"lazy\" class=\"alignnone wp-image-1674 size-full\" src=\"http:\/\/fousfollets.com\/wp-content\/uploads\/2024\/07\/Papier-fourmi-bleue-2024-CFF-tete-mail-scaled.jpg\" alt=\"\" width=\"2560\" height=\"816\" srcset=\"https:\/\/fousfollets.com\/wp-content\/uploads\/2024\/07\/Papier-fourmi-bleue-2024-CFF-tete-mail-scaled.jpg 2560w, https:\/\/fousfollets.com\/wp-content\/uploads\/2024\/07\/Papier-fourmi-bleue-2024-CFF-tete-mail-300x96.jpg 300w, https:\/\/fousfollets.com\/wp-content\/uploads\/2024\/07\/Papier-fourmi-bleue-2024-CFF-tete-mail-1024x326.jpg 1024w, https:\/\/fousfollets.com\/wp-content\/uploads\/2024\/07\/Papier-fourmi-bleue-2024-CFF-tete-mail-768x245.jpg 768w, https:\/\/fousfollets.com\/wp-content\/uploads\/2024\/07\/Papier-fourmi-bleue-2024-CFF-tete-mail-1536x489.jpg 1536w, https:\/\/fousfollets.com\/wp-content\/uploads\/2024\/07\/Papier-fourmi-bleue-2024-CFF-tete-mail-2048x653.jpg 2048w\" sizes=\"(max-width: 2560px) 100vw, 2560px\" \/><\/a><\/p>\n<p style=\"text-align: left;\"><span style=\"color: #0000ff;\">\u00a0<\/span><\/p>\n","protected":false},"excerpt":{"rendered":"<p>NOUVEAUT\u00c9 2024 * Extraits en \u00e9coute Un CD plein d&rsquo;imagination. Des chansons courtes, faciles \u00e0 m\u00e9moriser, aux rythmes diversifi\u00e9s et accessibles aux plus petits. &#8211; Feuille du Valenciennois &#8211; \u00a0 Extraits en \u00e9coute \u00ab\u00a0Dans ma maison\u00a0\u00bb, voil\u00e0 un CD qui &hellip; <a href=\"https:\/\/fousfollets.com\/?page_id=13\">Continuer la lecture <span class=\"meta-nav\">&rarr;<\/span><\/a><\/p>\n","protected":false},"author":1,"featured_media":0,"parent":0,"menu_order":0,"comment_status":"closed","ping_status":"closed","template":"","meta":[],"_links":{"self":[{"href":"https:\/\/fousfollets.com\/index.php?rest_route=\/wp\/v2\/pages\/13"}],"collection":[{"href":"https:\/\/fousfollets.com\/index.php?rest_route=\/wp\/v2\/pages"}],"about":[{"href":"https:\/\/fousfollets.com\/index.php?rest_route=\/wp\/v2\/types\/page"}],"author":[{"embeddable":true,"href":"https:\/\/fousfollets.com\/index.php?rest_route=\/wp\/v2\/users\/1"}],"replies":[{"embeddable":true,"href":"https:\/\/fousfollets.com\/index.php?rest_route=%2Fwp%2Fv2%2Fcomments&post=13"}],"version-history":[{"count":35,"href":"https:\/\/fousfollets.com\/index.php?rest_route=\/wp\/v2\/pages\/13\/revisions"}],"predecessor-version":[{"id":1742,"href":"https:\/\/fousfollets.com\/index.php?rest_route=\/wp\/v2\/pages\/13\/revisions\/1742"}],"wp:attachment":[{"href":"https:\/\/fousfollets.com\/index.php?rest_route=%2Fwp%2Fv2%2Fmedia&parent=13"}],"curies":[{"name":"wp","href":"https:\/\/api.w.org\/{rel}","templated":true}]}}