{"id":1167,"date":"2016-12-30T15:26:02","date_gmt":"2016-12-30T15:26:02","guid":{"rendered":"http:\/\/fousfollets.com\/?page_id=1167"},"modified":"2024-07-20T13:33:49","modified_gmt":"2024-07-20T13:33:49","slug":"presse-cd","status":"publish","type":"page","link":"https:\/\/fousfollets.com\/?page_id=1167","title":{"rendered":"Echos de CD"},"content":{"rendered":"<h6 style=\"text-align: center;\"><audio src=\"http:\/\/fousfollets.com\/wp-content\/uploads\/2011\/12\/bulle.mp3\" autoplay=\"autoplay\" controls=\"controls\"><\/audio><br \/>\nExtrait en \u00e9coute :<em><strong>\u00a0\u00ab Bulle \u00bb<\/strong>.<br \/>\n<\/em>Pour en d\u00e9couvrir aussi le texte :\u00a0<a href=\"http:\/\/fousfollets.com\/?page_id=74\">cliquez ici !<br \/>\n<\/a>CD <a href=\"http:\/\/fousfollets.com\/?page_id=28\">\u00ab\u00a0Dans ma maison\u00a0\u00bb<\/a><\/h6>\n<h1 style=\"text-align: center;\"><\/h1>\n<h1 style=\"text-align: center;\"><span style=\"text-decoration: underline;\"><strong><span style=\"color: #000080; text-decoration: underline;\">Ils l&rsquo;ont dit !<br \/>\n<\/span><\/strong><\/span><\/h1>\n<p style=\"text-align: center;\"><em>J&rsquo;ai \u00e9cout\u00e9 les deux CD pour enfants \u00a0\u00bb Dans ma maison \u00a0\u00bb\u00a0et \u00a0\u00bb Dans mon jardin\u00a0\u00bb de la compagnie des Fous Follets. C&rsquo;est vraiment tr\u00e8s chouette, bien fichu, intelligent. Ce ne sont pas des chansons pour enfants b\u00eatifiantes ou gnangnan, elles sont astucieuses, inventives, po\u00e9tiques ou dr\u00f4les, donc c&rsquo;est bien !<br \/>\n<\/em><strong><span style=\"color: #000080;\">&#8211; Claude Lemesle &#8211; <\/span><\/strong><em><span style=\"color: #808080;\">(janvier 2017) <\/span><\/em><\/p>\n<p style=\"text-align: center;\"><i>Un CD plein d\u2019imagination. Des chansons courtes, faciles \u00e0 m\u00e9moriser, aux rythmes diversifi\u00e9s et accessibles aux plus petits.<br \/>\n<\/i><strong><span style=\"color: #000080;\">\u2013 Feuille du Valenciennois \u2013<\/span><\/strong><\/p>\n<p style=\"text-align: center;\"><em>\u00ab\u00a0Dans ma maison\u00a0\u00bb, voil\u00e0 un CD qui nous donne \u00e0 entendre et \u00e0 voir entre les lignes, de courtes chansons faciles \u00e0 chanter, pleines de rythmes, d\u2019animaux farfelus et de bruitages amusants. (\u2026) C\u2019est tonique et il y en a pour tous les go\u00fbts.<\/em><br \/>\n<strong><span style=\"color: #000080;\">\u2013 Le monde de l\u2019\u00e9ducation \u2013\u00a0<\/span><\/strong><\/p>\n<p style=\"text-align: center;\"><em>Ce trio chantant vise ici les 3-8 ans. La fantaisie domine dans des couplets accessibles et vari\u00e9s troussant souvent des histoires farfelues (\u00ab\u00a0Les camemberts\u00a0\u00bb) mais aussi plus quotidiennes (\u00ab\u00a0Stop, \u00e7a suffit\u00a0\u00bb). En fait, le regard et l\u2019esprit de fantaisie donnent surtout le ton, d\u2019un blues \u00e0 une ballade ou \u00e0 un rap (\u00ab\u00a0Le roi des maladroits\u00a0\u00bb), plusieurs musiciens additionnels (saxophone, fl\u00fbte, contrebasse, percussions\u2026) et quatre enfants apportant un surcro\u00eet de relief \u00e0 l\u2019entreprise.<\/em><br \/>\n<strong><span style=\"color: #000080;\">\u2013 Chorus D. Pantchenko \u2013\u00a0<\/span><\/strong><\/p>\n<p style=\"text-align: center;\">Il se passe beaucoup de choses dans cette maison et m\u00eame\u00a0bien au-del\u00e0, dans les champs, dans les airs et m\u00eame dans les r\u00eaves. La tendresse se m\u00e9lange \u00e0 l\u2019humour mais chaque chanson a son brin de bonne humeur car la fantaisie est de mise et l\u2019imagination est d\u00e9bordante.\u00a0Les m\u00e9lodies sont entra\u00eenantes bien balanc\u00e9es par les divers instruments et soutenues par de nombreux bruitages. D\u2019une plage \u00e0 l\u2019autre, le rythme est diff\u00e9rent et adapt\u00e9 au contexte textuel.<br \/>\n<strong><span style=\"color: #000080;\">&#8211; JMV M\u00e9diath\u00e8que La Louvi\u00e8re\u00a0&#8211;<\/span><\/strong><\/p>\n<p style=\"text-align: center;\"><a href=\"http:\/\/fousfollets.com\/wp-content\/uploads\/2024\/07\/Papier-fourmi-bleue-2024-CFF-tete-mail-scaled.jpg\" target=\"_blank\" rel=\"noopener\"><img decoding=\"async\" loading=\"lazy\" class=\"alignnone wp-image-1674 size-full\" src=\"http:\/\/fousfollets.com\/wp-content\/uploads\/2024\/07\/Papier-fourmi-bleue-2024-CFF-tete-mail-scaled.jpg\" alt=\"\" width=\"2560\" height=\"816\" srcset=\"https:\/\/fousfollets.com\/wp-content\/uploads\/2024\/07\/Papier-fourmi-bleue-2024-CFF-tete-mail-scaled.jpg 2560w, https:\/\/fousfollets.com\/wp-content\/uploads\/2024\/07\/Papier-fourmi-bleue-2024-CFF-tete-mail-300x96.jpg 300w, https:\/\/fousfollets.com\/wp-content\/uploads\/2024\/07\/Papier-fourmi-bleue-2024-CFF-tete-mail-1024x326.jpg 1024w, https:\/\/fousfollets.com\/wp-content\/uploads\/2024\/07\/Papier-fourmi-bleue-2024-CFF-tete-mail-768x245.jpg 768w, https:\/\/fousfollets.com\/wp-content\/uploads\/2024\/07\/Papier-fourmi-bleue-2024-CFF-tete-mail-1536x489.jpg 1536w, https:\/\/fousfollets.com\/wp-content\/uploads\/2024\/07\/Papier-fourmi-bleue-2024-CFF-tete-mail-2048x653.jpg 2048w\" sizes=\"(max-width: 2560px) 100vw, 2560px\" \/><\/a><\/p>\n","protected":false},"excerpt":{"rendered":"<p>Extrait en \u00e9coute :\u00a0\u00ab Bulle \u00bb. Pour en d\u00e9couvrir aussi le texte :\u00a0cliquez ici ! CD \u00ab\u00a0Dans ma maison\u00a0\u00bb Ils l&rsquo;ont dit ! J&rsquo;ai \u00e9cout\u00e9 les deux CD pour enfants \u00a0\u00bb Dans ma maison \u00a0\u00bb\u00a0et \u00a0\u00bb Dans mon jardin\u00a0\u00bb de &hellip; <a href=\"https:\/\/fousfollets.com\/?page_id=1167\">Continuer la lecture <span class=\"meta-nav\">&rarr;<\/span><\/a><\/p>\n","protected":false},"author":1,"featured_media":0,"parent":0,"menu_order":0,"comment_status":"closed","ping_status":"closed","template":"","meta":[],"_links":{"self":[{"href":"https:\/\/fousfollets.com\/index.php?rest_route=\/wp\/v2\/pages\/1167"}],"collection":[{"href":"https:\/\/fousfollets.com\/index.php?rest_route=\/wp\/v2\/pages"}],"about":[{"href":"https:\/\/fousfollets.com\/index.php?rest_route=\/wp\/v2\/types\/page"}],"author":[{"embeddable":true,"href":"https:\/\/fousfollets.com\/index.php?rest_route=\/wp\/v2\/users\/1"}],"replies":[{"embeddable":true,"href":"https:\/\/fousfollets.com\/index.php?rest_route=%2Fwp%2Fv2%2Fcomments&post=1167"}],"version-history":[{"count":30,"href":"https:\/\/fousfollets.com\/index.php?rest_route=\/wp\/v2\/pages\/1167\/revisions"}],"predecessor-version":[{"id":1688,"href":"https:\/\/fousfollets.com\/index.php?rest_route=\/wp\/v2\/pages\/1167\/revisions\/1688"}],"wp:attachment":[{"href":"https:\/\/fousfollets.com\/index.php?rest_route=%2Fwp%2Fv2%2Fmedia&parent=1167"}],"curies":[{"name":"wp","href":"https:\/\/api.w.org\/{rel}","templated":true}]}}