{"id":219,"date":"2011-12-17T11:31:01","date_gmt":"2011-12-17T11:31:01","guid":{"rendered":"http:\/\/fousfollets.com\/?page_id=219"},"modified":"2011-12-17T11:47:47","modified_gmt":"2011-12-17T11:47:47","slug":"18-le-beau-metier","status":"publish","type":"page","link":"http:\/\/fousfollets.com\/?page_id=219","title":{"rendered":"18 Le beau m\u00e9tier"},"content":{"rendered":"<p>2 min 22 s<\/p>\n<p>Il est cuisinier c&rsquo;est un beau m\u00e9tier<br \/>\nIl aime pr\u00e9parer vos plats pr\u00e9f\u00e9r\u00e9s.<\/p>\n<p>Et j&rsquo;\u00e9pluche et je lave<br \/>\nEt j&rsquo;effeuille et je taille<br \/>\nEn rondelles en lamelles<br \/>\n&#8230; Pas d&rsquo;probl\u00e8me, je suis zen &#8230;<\/p>\n<p>Et j&rsquo;aff\u00fbte et je tranche<br \/>\nJe d\u00e9coupe tout en tranches<br \/>\nAllez hop dans la po\u00eale<br \/>\n&#8230; Pas d&rsquo;probl\u00e8me, je suis zen &#8230;<\/p>\n<p>Les l\u00e9gumes c&rsquo;est sa vie, sa passion son p\u00e9ch\u00e9<br \/>\nS&rsquo;il les voit sur l&rsquo;march\u00e9 il a envie d&rsquo;pleurer.<\/p>\n<p>Je hache et j&rsquo;\u00e9p\u00e9pine<br \/>\nJ&rsquo;\u00e9cosse et je mouline<br \/>\nJ&rsquo;\u00e9crase et je concasse<br \/>\n&#8230; Pas d&rsquo;probl\u00e8me, je suis zen &#8230;<\/p>\n<p>Et j&rsquo;\u00e9miette et je mouille<br \/>\nEt j&rsquo;\u00e9goutte et je touille<br \/>\nJ&rsquo;\u00e9tale et puis je sale<br \/>\n&#8230; Pas d&rsquo;probl\u00e8me, je suis zen &#8230;<\/p>\n<p>Tous ces rouges tous ces verts c&rsquo;est joli \u00e7a l&rsquo;ravit<br \/>\nY&rsquo;a rien d&rsquo;mieux pour lui plaire il est gai comme un radis.<\/p>\n<p>Il est cuisinier, c&rsquo;est un beau m\u00e9tier<br \/>\nIl aime pr\u00e9parer vos plats pr\u00e9f\u00e9r\u00e9s<br \/>\nIl est cuisinier, c&rsquo;est un beau m\u00e9tier<br \/>\nIl est toujours pr\u00eat, jamais fatigu\u00e9<\/p>\n<p><em>en ralentissant: <\/em>\u00a0Il \u00e9pluche et il lave<br \/>\n<em>parl\u00e9: non, non j&rsquo;suis pas fatigu\u00e9!<br \/>\n<\/em>Il effeuille et il taille<br \/>\n<em>parl\u00e9:<\/em> <em>pas fatigu\u00e9 du tout!<br \/>\n<\/em>en rondelles en lamelles<br \/>\n<em>parl\u00e9: non, j&rsquo;vous assure, j&rsquo;vais tr\u00e8s bien!<br \/>\n<\/em>Pas d&rsquo;probl\u00e8me, il est zen!<\/p>\n","protected":false},"excerpt":{"rendered":"<p>2 min 22 s Il est cuisinier c&rsquo;est un beau m\u00e9tier Il aime pr\u00e9parer vos plats pr\u00e9f\u00e9r\u00e9s. Et j&rsquo;\u00e9pluche et je lave Et j&rsquo;effeuille et je taille En rondelles en lamelles &#8230; Pas d&rsquo;probl\u00e8me, je suis zen &#8230; Et j&rsquo;aff\u00fbte &hellip; <a href=\"http:\/\/fousfollets.com\/?page_id=219\">Continuer la lecture <span class=\"meta-nav\">&rarr;<\/span><\/a><\/p>\n","protected":false},"author":1,"featured_media":0,"parent":0,"menu_order":0,"comment_status":"closed","ping_status":"closed","template":"","meta":[],"_links":{"self":[{"href":"http:\/\/fousfollets.com\/index.php?rest_route=\/wp\/v2\/pages\/219"}],"collection":[{"href":"http:\/\/fousfollets.com\/index.php?rest_route=\/wp\/v2\/pages"}],"about":[{"href":"http:\/\/fousfollets.com\/index.php?rest_route=\/wp\/v2\/types\/page"}],"author":[{"embeddable":true,"href":"http:\/\/fousfollets.com\/index.php?rest_route=\/wp\/v2\/users\/1"}],"replies":[{"embeddable":true,"href":"http:\/\/fousfollets.com\/index.php?rest_route=%2Fwp%2Fv2%2Fcomments&post=219"}],"version-history":[{"count":2,"href":"http:\/\/fousfollets.com\/index.php?rest_route=\/wp\/v2\/pages\/219\/revisions"}],"predecessor-version":[{"id":252,"href":"http:\/\/fousfollets.com\/index.php?rest_route=\/wp\/v2\/pages\/219\/revisions\/252"}],"wp:attachment":[{"href":"http:\/\/fousfollets.com\/index.php?rest_route=%2Fwp%2Fv2%2Fmedia&parent=219"}],"curies":[{"name":"wp","href":"https:\/\/api.w.org\/{rel}","templated":true}]}}