{"id":206,"date":"2011-12-17T11:15:05","date_gmt":"2011-12-17T11:15:05","guid":{"rendered":"http:\/\/fousfollets.com\/?page_id=206"},"modified":"2011-12-17T11:47:21","modified_gmt":"2011-12-17T11:47:21","slug":"13-semer-recolter","status":"publish","type":"page","link":"http:\/\/fousfollets.com\/?page_id=206","title":{"rendered":"13 Semer r\u00e9colter"},"content":{"rendered":"<p>1 min 04 s<\/p>\n<p>Au mois de mars jardin en f\u00eate, on n\u2019sait plus o\u00f9 donner d\u2019la t\u00eate<br \/>\nOn peut semer carottes, salades, parfait pour n\u2019\u00eatre jamais malade<br \/>\nD\u2019juin \u00e0 octobre faut r\u00e9colter, c\u2019est bon d\u2019manger des crudit\u00e9s.<\/p>\n<p>Au mois de mars c\u2019est pas fini car c\u2019est le tour des salsifis<br \/>\nOn peut m\u00eame semer de l\u2019oseille, si tu en croques \u00e7a te r\u00e9veille<br \/>\nVraiment parfait pour le poisson ou en soupe c\u2019est tout aussi bon.<\/p>\n<p>Plantez d\u2019f\u00e9vrier \u00e0 avril de gauche \u00e0 droite ou \u00e0 la file<br \/>\nC\u2019est comme on veut, c\u2019est rigolo, petits pois, oignons, haricots<br \/>\nD\u00e9but d\u2019l\u2019\u00e9t\u00e9 faut r\u00e9colter pour les r\u00f4tis, les viandes grill\u00e9es<\/p>\n<p>F\u00e9vrier \u00e0 ao\u00fbt c\u2019est facile, on peut planter du bon persil<br \/>\nOn en r\u00e9colte presque tout l\u2019temps, on en a bien pour son argent<br \/>\nC\u2019est une bombe de vitamines comme les kiwis, oranges sanguines\u00a0!<\/p>\n","protected":false},"excerpt":{"rendered":"<p>1 min 04 s Au mois de mars jardin en f\u00eate, on n\u2019sait plus o\u00f9 donner d\u2019la t\u00eate On peut semer carottes, salades, parfait pour n\u2019\u00eatre jamais malade D\u2019juin \u00e0 octobre faut r\u00e9colter, c\u2019est bon d\u2019manger des crudit\u00e9s. Au mois &hellip; <a href=\"http:\/\/fousfollets.com\/?page_id=206\">Continuer la lecture <span class=\"meta-nav\">&rarr;<\/span><\/a><\/p>\n","protected":false},"author":1,"featured_media":0,"parent":0,"menu_order":0,"comment_status":"closed","ping_status":"closed","template":"","meta":[],"_links":{"self":[{"href":"http:\/\/fousfollets.com\/index.php?rest_route=\/wp\/v2\/pages\/206"}],"collection":[{"href":"http:\/\/fousfollets.com\/index.php?rest_route=\/wp\/v2\/pages"}],"about":[{"href":"http:\/\/fousfollets.com\/index.php?rest_route=\/wp\/v2\/types\/page"}],"author":[{"embeddable":true,"href":"http:\/\/fousfollets.com\/index.php?rest_route=\/wp\/v2\/users\/1"}],"replies":[{"embeddable":true,"href":"http:\/\/fousfollets.com\/index.php?rest_route=%2Fwp%2Fv2%2Fcomments&post=206"}],"version-history":[{"count":2,"href":"http:\/\/fousfollets.com\/index.php?rest_route=\/wp\/v2\/pages\/206\/revisions"}],"predecessor-version":[{"id":247,"href":"http:\/\/fousfollets.com\/index.php?rest_route=\/wp\/v2\/pages\/206\/revisions\/247"}],"wp:attachment":[{"href":"http:\/\/fousfollets.com\/index.php?rest_route=%2Fwp%2Fv2%2Fmedia&parent=206"}],"curies":[{"name":"wp","href":"https:\/\/api.w.org\/{rel}","templated":true}]}}