{"id":177,"date":"2011-12-17T10:48:03","date_gmt":"2011-12-17T10:48:03","guid":{"rendered":"http:\/\/fousfollets.com\/?page_id=177"},"modified":"2011-12-17T11:46:01","modified_gmt":"2011-12-17T11:46:01","slug":"04-comptine","status":"publish","type":"page","link":"http:\/\/fousfollets.com\/?page_id=177","title":{"rendered":"04 Comptine"},"content":{"rendered":"<p>40 s<\/p>\n<p><strong>Diguedi<\/strong><\/p>\n<p>Un p\u2019tit lapin diguedi diguedi (bis)<br \/>\nUn p\u2019tit lapin c\u2019est vraiment tr\u00e8s coquin<br \/>\nUne chenille diguedi diguedi (bis)<br \/>\nUne chenille \u00e7a aime la vanille<br \/>\nUne grenouille diguedi diguedi (bis)<br \/>\nUne grenouille \u00e7a rit quand on la mouille<\/p>\n","protected":false},"excerpt":{"rendered":"<p>40 s Diguedi Un p\u2019tit lapin diguedi diguedi (bis) Un p\u2019tit lapin c\u2019est vraiment tr\u00e8s coquin Une chenille diguedi diguedi (bis) Une chenille \u00e7a aime la vanille Une grenouille diguedi diguedi (bis) Une grenouille \u00e7a rit quand on la mouille<\/p>\n","protected":false},"author":1,"featured_media":0,"parent":0,"menu_order":0,"comment_status":"closed","ping_status":"closed","template":"","meta":[],"_links":{"self":[{"href":"http:\/\/fousfollets.com\/index.php?rest_route=\/wp\/v2\/pages\/177"}],"collection":[{"href":"http:\/\/fousfollets.com\/index.php?rest_route=\/wp\/v2\/pages"}],"about":[{"href":"http:\/\/fousfollets.com\/index.php?rest_route=\/wp\/v2\/types\/page"}],"author":[{"embeddable":true,"href":"http:\/\/fousfollets.com\/index.php?rest_route=\/wp\/v2\/users\/1"}],"replies":[{"embeddable":true,"href":"http:\/\/fousfollets.com\/index.php?rest_route=%2Fwp%2Fv2%2Fcomments&post=177"}],"version-history":[{"count":2,"href":"http:\/\/fousfollets.com\/index.php?rest_route=\/wp\/v2\/pages\/177\/revisions"}],"predecessor-version":[{"id":238,"href":"http:\/\/fousfollets.com\/index.php?rest_route=\/wp\/v2\/pages\/177\/revisions\/238"}],"wp:attachment":[{"href":"http:\/\/fousfollets.com\/index.php?rest_route=%2Fwp%2Fv2%2Fmedia&parent=177"}],"curies":[{"name":"wp","href":"https:\/\/api.w.org\/{rel}","templated":true}]}}