{"id":171,"date":"2011-12-17T10:44:27","date_gmt":"2011-12-17T10:44:27","guid":{"rendered":"http:\/\/fousfollets.com\/?page_id=171"},"modified":"2011-12-17T11:45:42","modified_gmt":"2011-12-17T11:45:42","slug":"01-pamela","status":"publish","type":"page","link":"http:\/\/fousfollets.com\/?page_id=171","title":{"rendered":"01 Pamela"},"content":{"rendered":"<p>1 min 45 s<\/p>\n<p>Pam\u00e9la la petite salade a dormi tr\u00e8s longtemps<br \/>\nPam\u00e9la la petite salade s&rsquo;ennuie maintenant.<\/p>\n<p>Pam\u00e9la se r\u00e9veille d&rsquo;un tr\u00e8s tr\u00e8s long sommeil<br \/>\nEndormie tout l&rsquo;hiver petite graine solitaire.<\/p>\n<p>Pam\u00e9la la petite salade voudrait voir la lumi\u00e8re<br \/>\nPam\u00e9la la petite salade voudrait prendre l&rsquo;air.<\/p>\n<p>Et le soleil l&rsquo;attire et Pam\u00e9la \u00e9tire<br \/>\nSes feuilles encore si fr\u00eales de petite demoiselle.<\/p>\n<p>Pam\u00e9la la petite salade est malade, est malade<br \/>\nPam\u00e9la la petite salade est malade d&rsquo;amour.<\/p>\n<p>Pour un rayon d&rsquo;soleil, Pam\u00e9la s&rsquo;\u00e9merveille<br \/>\nElle voudrait l&#8217;embrasser, \u00eatre sa fianc\u00e9e.<\/p>\n<p>Pam\u00e9la la petite salade tremble un peu mais ce n&rsquo;est rien<br \/>\nPam\u00e9la la petite salade est n\u00e9e ce matin.<\/p>\n","protected":false},"excerpt":{"rendered":"<p>1 min 45 s Pam\u00e9la la petite salade a dormi tr\u00e8s longtemps Pam\u00e9la la petite salade s&rsquo;ennuie maintenant. Pam\u00e9la se r\u00e9veille d&rsquo;un tr\u00e8s tr\u00e8s long sommeil Endormie tout l&rsquo;hiver petite graine solitaire. Pam\u00e9la la petite salade voudrait voir la lumi\u00e8re &hellip; <a href=\"http:\/\/fousfollets.com\/?page_id=171\">Continuer la lecture <span class=\"meta-nav\">&rarr;<\/span><\/a><\/p>\n","protected":false},"author":1,"featured_media":0,"parent":0,"menu_order":0,"comment_status":"closed","ping_status":"closed","template":"","meta":[],"_links":{"self":[{"href":"http:\/\/fousfollets.com\/index.php?rest_route=\/wp\/v2\/pages\/171"}],"collection":[{"href":"http:\/\/fousfollets.com\/index.php?rest_route=\/wp\/v2\/pages"}],"about":[{"href":"http:\/\/fousfollets.com\/index.php?rest_route=\/wp\/v2\/types\/page"}],"author":[{"embeddable":true,"href":"http:\/\/fousfollets.com\/index.php?rest_route=\/wp\/v2\/users\/1"}],"replies":[{"embeddable":true,"href":"http:\/\/fousfollets.com\/index.php?rest_route=%2Fwp%2Fv2%2Fcomments&post=171"}],"version-history":[{"count":3,"href":"http:\/\/fousfollets.com\/index.php?rest_route=\/wp\/v2\/pages\/171\/revisions"}],"predecessor-version":[{"id":1296,"href":"http:\/\/fousfollets.com\/index.php?rest_route=\/wp\/v2\/pages\/171\/revisions\/1296"}],"wp:attachment":[{"href":"http:\/\/fousfollets.com\/index.php?rest_route=%2Fwp%2Fv2%2Fmedia&parent=171"}],"curies":[{"name":"wp","href":"https:\/\/api.w.org\/{rel}","templated":true}]}}